{"version":"1.0","provider_name":"Javier F. Santiago | Fot\u00f3grafo","provider_url":"https:\/\/www.fotosenasturias.es","author_name":"administrador","author_url":"https:\/\/www.fotosenasturias.es\/index.php\/author\/administrador\/","title":"PRENSA - Javier F. Santiago | Fot\u00f3grafo","type":"rich","width":600,"height":338,"html":"<blockquote class=\"wp-embedded-content\" data-secret=\"GPhIC53eNZ\"><a href=\"https:\/\/www.fotosenasturias.es\/index.php\/prensa\/\">PRENSA<\/a><\/blockquote><iframe sandbox=\"allow-scripts\" security=\"restricted\" src=\"https:\/\/www.fotosenasturias.es\/index.php\/prensa\/embed\/#?secret=GPhIC53eNZ\" width=\"600\" height=\"338\" title=\"\u00abPRENSA\u00bb \u2014 Javier F. Santiago | Fot\u00f3grafo\" data-secret=\"GPhIC53eNZ\" frameborder=\"0\" marginwidth=\"0\" marginheight=\"0\" scrolling=\"no\" class=\"wp-embedded-content\"><\/iframe><script type=\"text\/javascript\">\n\/* <![CDATA[ *\/\n\/*! This file is auto-generated *\/\n!function(d,l){\"use strict\";l.querySelector&&d.addEventListener&&\"undefined\"!=typeof URL&&(d.wp=d.wp||{},d.wp.receiveEmbedMessage||(d.wp.receiveEmbedMessage=function(e){var t=e.data;if((t||t.secret||t.message||t.value)&&!\/[^a-zA-Z0-9]\/.test(t.secret)){for(var s,r,n,a=l.querySelectorAll('iframe[data-secret=\"'+t.secret+'\"]'),o=l.querySelectorAll('blockquote[data-secret=\"'+t.secret+'\"]'),c=new RegExp(\"^https?:$\",\"i\"),i=0;i<o.length;i++)o[i].style.display=\"none\";for(i=0;i<a.length;i++)s=a[i],e.source===s.contentWindow&&(s.removeAttribute(\"style\"),\"height\"===t.message?(1e3<(r=parseInt(t.value,10))?r=1e3:~~r<200&&(r=200),s.height=r):\"link\"===t.message&&(r=new URL(s.getAttribute(\"src\")),n=new URL(t.value),c.test(n.protocol))&&n.host===r.host&&l.activeElement===s&&(d.top.location.href=t.value))}},d.addEventListener(\"message\",d.wp.receiveEmbedMessage,!1),l.addEventListener(\"DOMContentLoaded\",function(){for(var e,t,s=l.querySelectorAll(\"iframe.wp-embedded-content\"),r=0;r<s.length;r++)(t=(e=s[r]).getAttribute(\"data-secret\"))||(t=Math.random().toString(36).substring(2,12),e.src+=\"#?secret=\"+t,e.setAttribute(\"data-secret\",t)),e.contentWindow.postMessage({message:\"ready\",secret:t},\"*\")},!1)))}(window,document);\n\/\/# sourceURL=https:\/\/www.fotosenasturias.es\/wp-includes\/js\/wp-embed.min.js\n\/* ]]> *\/\n<\/script>\n","description":"FOTOPERIODISMO Como fot\u00f3grafo profesional, cuento con una amplia trayectoria documentando la actualidad para clientes cuyas im\u00e1genes han sido publicadas en medios de referencia como La Nueva Espa\u00f1a, El Comercio, Televisi\u00f3n de Galicia, TVE, TPA y MiOviedo, entre otros. Mi trabajo combina rigor informativo, sensibilidad visual y compromiso con la verdad, ofreciendo fotograf\u00eda period\u00edstica de alta calidad adaptada a prensa, televisi\u00f3n y medios digitales. Realizo reportajes fotogr\u00e1ficos de noticias, eventos institucionales, sucesos, actualidad social y deportiva, siempre con rapidez y profesionalidad. Si necesitas un fot\u00f3grafo de prensa en Asturias, Galicia o el norte de Espa\u00f1a, puedo ayudarte a cubrir cualquier acontecimiento con im\u00e1genes impactantes y veraces. Adem\u00e1s, formo parte de Alamy, una de las agencias de fotograf\u00eda m\u00e1s reconocidas a nivel internacional, con un extenso archivo editorial y creativo distribuido en medios de todo el mundo. Mi colaboraci\u00f3n con Alamy garantiza que mi trabajo cumpla con los m\u00e1s altos est\u00e1ndares de calidad, rigor y profesionalidad, y que pueda tener difusi\u00f3n global en prensa, publicaciones especializadas y plataformas digitales. Esta proyecci\u00f3n internacional refuerza mi compromiso con un fotoperiodismo de confianza, capaz de contar historias relevantes con im\u00e1genes que trascienden fronteras. medios de comunicaci\u00f3n que publican nuestras fotos","thumbnail_url":"https:\/\/www.fotosenasturias.es\/wp-content\/uploads\/2025\/07\/elcomercio_bn-300x138.png"}

Javier F. Santiago | Fotógrafo

PRENSA - Javier F. Santiago | Fotógrafo

<blockquote class="wp-embedded-content" data-secret="GPhIC53eNZ"><a href="https://www.fotosenasturias.es/index.php/prensa/">PRENSA</a></blockquote><iframe sandbox="allow-scripts" security="restricted" src="https://www.fotosenasturias.es/index.php/prensa/embed/#?secret=GPhIC53eNZ" width="600" height="338" title="«PRENSA» — Javier F. Santiago | Fotógrafo" data-secret="GPhIC53eNZ" frameborder="0" marginwidth="0" marginheight="0" scrolling="no" class="wp-embedded-content"></iframe><script type="text/javascript">
/* <![CDATA[ */
/*! This file is auto-generated */
!function(d,l){"use strict";l.querySelector&&d.addEventListener&&"undefined"!=typeof URL&&(d.wp=d.wp||{},d.wp.receiveEmbedMessage||(d.wp.receiveEmbedMessage=function(e){var t=e.data;if((t||t.secret||t.message||t.value)&&!/[^a-zA-Z0-9]/.test(t.secret)){for(var s,r,n,a=l.querySelectorAll('iframe[data-secret="'+t.secret+'"]'),o=l.querySelectorAll('blockquote[data-secret="'+t.secret+'"]'),c=new RegExp("^https?:$","i"),i=0;i<o.length;i++)o[i].style.display="none";for(i=0;i<a.length;i++)s=a[i],e.source===s.contentWindow&&(s.removeAttribute("style"),"height"===t.message?(1e3<(r=parseInt(t.value,10))?r=1e3:~~r<200&&(r=200),s.height=r):"link"===t.message&&(r=new URL(s.getAttribute("src")),n=new URL(t.value),c.test(n.protocol))&&n.host===r.host&&l.activeElement===s&&(d.top.location.href=t.value))}},d.addEventListener("message",d.wp.receiveEmbedMessage,!1),l.addEventListener("DOMContentLoaded",function(){for(var e,t,s=l.querySelectorAll("iframe.wp-embedded-content"),r=0;r<s.length;r++)(t=(e=s[r]).getAttribute("data-secret"))||(t=Math.random().toString(36).substring(2,12),e.src+="#?secret="+t,e.setAttribute("data-secret",t)),e.contentWindow.postMessage({message:"ready",secret:t},"*")},!1)))}(window,document);
//# sourceURL=https://www.fotosenasturias.es/wp-includes/js/wp-embed.min.js
/* ]]> */
</script>

FOTOPERIODISMO Como fotógrafo profesional, cuento con una amplia trayectoria documentando la actualidad para clientes cuyas imágenes han sido publicadas en medios de referencia como La Nueva España, El Comercio, Televisión de Galicia, TVE, TPA y MiOviedo, entre otros. Mi trabajo combina rigor informativo, sensibilidad visual y compromiso con la verdad, ofreciendo fotografía periodística de alta calidad adaptada a prensa, televisión y medios digitales. Realizo reportajes fotográficos de noticias, eventos institucionales, sucesos, actualidad social y deportiva, siempre con rapidez y profesionalidad. Si necesitas un fotógrafo de prensa en Asturias, Galicia o el norte de España, puedo ayudarte a cubrir cualquier acontecimiento con imágenes impactantes y veraces. Además, formo parte de Alamy, una de las agencias de fotografía más reconocidas a nivel internacional, con un extenso archivo editorial y creativo distribuido en medios de todo el mundo. Mi colaboración con Alamy garantiza que mi trabajo cumpla con los más altos estándares de calidad, rigor y profesionalidad, y que pueda tener difusión global en prensa, publicaciones especializadas y plataformas digitales. Esta proyección internacional refuerza mi compromiso con un fotoperiodismo de confianza, capaz de contar historias relevantes con imágenes que trascienden fronteras. medios de comunicación que publican nuestras fotos
